uppose -9*m + 26*m - 19946173 = 4*m. Is m composite?
False
Suppose s - 23*s + 28578 = 0. Is s composite?
True
Suppose 4*t + 160 = -t. Let w = -10 - t. Suppose 116 = 3*b - w. Is b prime?
False
Let k(t) = -38*t**3 + 2*t**2 - 3*t + 1. Let c be k(1). Let y be (-2 - c)*127/2. Is (-5)/10 + y/4 prime?
True
Suppose -2*h - 2*t = -117784, -32*h + 34*h - 117769 = 3*t. Is h a prime number?
True
Let t be ((-171)/27)/((66/108)/(-11)). Suppose 110*r - t*r + 29228 = 0. Is r prime?
True
Let x = -97 - -48. Let m = 53 + x. Suppose -1265 = m*z - 9*z. Is z composite?
True
Is 42644343/35*(-15)/(-9) prime?
True
Let y = 16 - 12. Let l(a) = -871*a + 16. Let z be l(y). Is ((-2)/6)/(1 - (-3472)/z) a prime number?
False
Let g(p) = -p. Let h(o) = 19*o**3 - 6*o**2 + 10*o - 4. Let v(c) = -2*g(c) + h(c). Let u be v(5). Suppose -u - 2625 = -2*z. Is z a prime number?
False
Suppose 24*z - 23*z - 2*y = 167385, y + 2 = 0. Is z a prime number?
True
Let p(f) = f**3 - 10*f**2 + 26*f - 10. Let l be p(6). Suppose -r + 4*h = -l*r + 1839, -3*h + 7369 = 4*r. Is r a composite number?
True
Suppose -179*i = -178*i - v - 11853, v = -3*i + 35531. Is i composite?
True
Suppose 4*r + 190736 = 5*v, -11*r + 190736 = -15*r + 2*v. Is (r/(-12) - 8)*6 composite?
True
Is ((-459562)/(-7))/((-384)/(-1344)) composite?
False
Is (-20)/(-15) - 4283598/(-18) prime?
False
Suppose 0 = -6*d - 2767 - 5111. Let j = d + 2368. Is j a composite number?
True
Suppose 6*g - 2*g = 5*n + 476496, g - 2*n - 119121 = 0. Is g composite?
False
Let b(v) = 45*v + 326. Let f be b(-6). Is ((-5)/(20/(-6033)))/(21/f) a prime number?
False
Suppose -1408345 = -5*d + 4*p, -18*p - 1126665 = -4*d - 17*p. Is d a composite number?
True
Let c = -8045 + 4255. Is (c/(-8))/(9/36) prime?
False
Suppose -4*u - 5*o + 1651 = -2987, -5*u - 3*o = -5791. Let q = u - -34. Is q a prime number?
False
Let j = -497 - -500. Let z(x) = -11*x**3 + x**2 + 13*x + 9. Let p(c) = -5*c**3 + 6*c + 4. Let v(r) = -5*p(r) + 2*z(r). Is v(j) a prime number?
False
Let p(d) = -2 + 3 + 8*d + 2*d + 2 + 14*d**2. Let f be p(-4). Suppose -3*h + f = 10. Is h a prime number?
True
Is 0 + 0 + 1 + 1581280/(6 - -4) a prime number?
True
Suppose 16*q - 21*q = 10*q - 3632145. Is q composite?
True
Suppose -2*x = 2*f + 2316, f = x - 5*x - 4647. Let l = 1006 + -1010. Is -1 - ((-1 - (-2 - l)) + x) composite?
True
Suppose -2*u + 27541 = 4*o - u, 4*u = -4*o + 27556. Is ((-24)/(-48))/((2/o)/1) a composite number?
False
Is 4/(-62) - (-7561929)/93 composite?
True
Let f be (10/(-3))/(2/3) + 14. Suppose -f*h + 2*z + 80990 = -5*h, -3*h - 2*z = -60725. Is h composite?
True
Let v = -365854 + 554907. Is v prime?
False
Suppose 25*k = 3*k + 658174. Is k a composite number?
False
Let c(u) = u**2 + 14*u + 25. Let y be 11*(0 + -1)*(-6)/(-6). Let m be c(y). Let z(i) = -89*i + 5. Is z(m) composite?
True
Let u(o) = 666*o + 124. Suppose -h - 17 = -3*y, y - 11 + 0 = -h. Is u(y) prime?
False
Suppose -271198 = 5*x - 954708. Is x a prime number?
False
Let w(g) = g**3 - 12*g**2 + 10*g + 14. Let u be w(11). Is 14/(-42) - (-4498)/u composite?
False
Suppose 3*d = 9 - 0, -2*d = -4*k + 71638. Suppose 0 = -3*t - 5*r + 17912, -4*r + k = 7*t - 4*t. Is t a composite number?
True
Suppose 56 = -3*j + 5*j. Let l be 543/(-2*3/j). Is l/(-6) + 1/(-3) a composite number?
True
Suppose -10*s = -0*s - 30200. Suppose -17*f = -20763 - s. Is f a prime number?
True
Let f = 55075 - 26294. Is f a prime number?
False
Let s(w) = -w**3 + 93*w**2 - 62*w - 25. Is s(76) a composite number?
True
Let s(c) = 70*c**2 + 14*c + 91. Let h be s(14). Suppose 14*a + 2961 = h. Is a prime?
False
Suppose 218*j = 209*j + 880695. Is j composite?
True
Let b(l) = -l**2 - l + 4. Let x be b(-2). Let g = 8 + -5. Suppose 5*h - x*z - 1115 = 0, -5*h + h + g*z = -899. Is h prime?
False
Suppose -10733208 + 7011829 = -41*s + 9531174. Is s prime?
True
Let w = -121 - -121. Suppose -19*l + 762 + 1423 = w. Is l a composite number?
True
Suppose -4 = a - 2*z - 6, 4*a - 8 = 5*z. Let y be (-3 + a)/(-3 + (-16544)/(-5516)). Suppose -n + 320 = -x - 1047, n - 4*x - y = 0. Is n a prime number?
False
Let p(a) = a**3 + 10*a**2 - 16*a**2 - 7 - 2*a - 3*a**2. Let j be p(8). Let f = 144 + j. Is f a composite number?
True
Let u be (-3130)/(-65) - 7 - (-4)/(-26). Suppose -17 = 8*o - u. Suppose g = -0*n + 5*n - 3147, 0 = o*n - 5*g - 1897. Is n prime?
False
Let d be 2/(-22) - (-506)/242. Suppose -d*h + 441 = -3881. Is h prime?
True
Let u = -89 + 92. Suppose -4*d - 4*i + 84596 = 0, -u*i - 1 - 5 = 0. Is d a composite number?
True
Let w = -2805 - -12316. Is w prime?
True
Let s be -3*2*7/(-6) + -8. Let a be (-4)/(2 + 6/(-4)). Is s/(a/(-4))*-422 a prime number?
True
Let d be (-44)/8 + ((-49)/14 - -3). Is ((-1070)/15)/(d/45) a composite number?
True
Suppose 41*s - 19602059 = -5084820. Is s a composite number?
True
Let y be (-6)/(-21) + 38/14. Suppose 4*j + 10 = 5*u, 5*u + 4*j - 9 = 1. Suppose -x + 0*r = -y*r - 671, -1322 = -u*x + r. Is x a prime number?
True
Suppose 10*n = 247 - 57. Suppose -13*y - 12 = -n*y. Suppose -11*k - y*k + 1742 = 0. Is k a composite number?
True
Let y(q) = -4187*q - 19. Let f(x) = -4188*x - 19. Let h(z) = 3*f(z) - 4*y(z). Is h(7) a composite number?
True
Let n be (1/(-3))/(3/369). Let y = -41 - n. Suppose 5*h = -y*h + 485. Is h prime?
True
Suppose 0 = 3*f - 5*f + 104. Let m = 60 - f. Suppose m*j = 5*j + 285. Is j prime?
False
Let x(v) = 34*v + 16. Let l be 44/6 + 9/(-27). Let n be x(l). Let k = n - -39. Is k a composite number?
False
Let l be (16/(-36))/4 - (-275733)/81. Suppose -7*z + 17715 + l = 0. Is z a prime number?
False
Let h(v) = v - 2. Let c be h(6). Let q(i) = 128*i**3 - 7*i**2 - 8*i + 11. Is q(c) a prime number?
True
Let n(r) = 24*r**3 + r. Let d be n(-1). Let h(c) = 2*c**2 + 52*c + 184. Let t be h(-20). Let f = d - t. Is f a prime number?
True
Let g(a) = 10 - 31459*a - 3 + 31477*a + 17*a**2 + 18 + 4*a**2. Let z(h) = h**3 - 5*h**2 + 2*h - 2. Let u be z(4). Is g(u) composite?
True
Is 75 + -68 - (-1 + -6539) composite?
False
Let y = 5 + -3. Let w be (-33650)/(-6) - (1 - y/3). Suppose 0 = -a - 7*a + w. Is a a prime number?
True
Let u be (-1)/((22/52)/(-11)). Let i(v) be the first derivative of -v**4/4 + 26*v**3/3 + 18*v**2 + 31*v + 12. Is i(u) prime?
True
Suppose 0 = 5*f + 3*z + 24 + 86, 88 = -4*f - 4*z. Let m(u) = -u**3 - 8*u**2 - 53*u - 23. Is m(f) a prime number?
True
Let c(s) = -4*s + 21. Suppose -3*z + z + 10 = 0. Let k be c(z). Is (k - 4)*1114/(-6) a prime number?
True
Suppose -119*b + 4656380 = -99*b. Is b composite?
False
Suppose -303 = 2*r + w, 5*w + 307 = r - 3*r. Let p = -433 - -824. Let a = p - r. Is a a prime number?
False
Let l(u) = 244*u - 18. Let v be l(-10). Let w = -1682 - v. Suppose 2*j = 222 + w. Is j a composite number?
False
Let d = 6331 - 10035. Let n = 10077 + d. Is n a composite number?
False
Suppose -4*l = -0*i + 3*i - 24459, -16326 = -2*i + 4*l. Is i a composite number?
True
Suppose -97*l + 77*l = -80. Suppose -5*t - 2*p + 31190 = -10659, l*t = -3*p + 33482. Is t a composite number?
False
Let z(h) = -1075*h - 572. Is z(-19) a composite number?
False
Suppose 1590*t - 2012749 = 1573*t. Is t composite?
True
Let q = -124 - -141. Suppose -q*b + 58004 = -13*b. Is b prime?
False
Is 323/228*-2909*-12 a composite number?
True
Let l(o) = 3*o**2 - 7*o + 17. Let g be 64/(-12) - (-1)/3. Let j be (-2)/g + 62/(-5). Is l(j) composite?
True
Let d be (-40)/12*(-6)/4. Suppose d*q + t - 25 = 4*t, 3*t + 15 = 0. Suppose -5720 = -5*i + 5*w, -2270 = -2*i - 2*w - q*w. Is i a prime number?
False
Suppose 45*a - 404 = 46*a. Let r = 3746 + a. Is ((-12)/10)/(r/(-1110) - -3) prime?
False
Suppose 292 = 7*f - 3*f. Let v = f - 58. Suppose -v*a + 18*a = 1761. Is a a composite number?
False
Let o(b) = 46*b**2 + 3*b - 4. Let u = 16 - 15. Let n be (36/60)/(u/5). Is o(n) a composite number?
False
Suppose i = -5*q + 112123, -i - 2*q + 21287 = -90818. Is i a prime number?
False
Let p = 166 + -164. Is 158 - (p/(-4)*2 + 1) a prime number?
False
Let r(n) = 112101*n + 2389. Is r(4) a prime number?
False
Let h be (-5)/(-2) - -1*(-8)/16. Let x = h + 153. Is x a prime number?
False
Suppose 0 = 42*b + 133 + 875. Is (-6)/b*(1 - -33147) a composite number?
False
Suppose 247*b - 802539764 = -429*b. Is b prime?
True
Let c = 343 + -341. Suppose 3*u - 3*v = 8310, c*u + 3*v = -2964 + 8509. 